{"id":158,"date":"2025-04-07T10:52:07","date_gmt":"2025-04-07T10:52:07","guid":{"rendered":"https:\/\/dremivanta.com\/?page_id=158"},"modified":"2026-01-14T12:33:34","modified_gmt":"2026-01-14T12:33:34","slug":"cookies","status":"publish","type":"page","link":"https:\/\/dremivanta.com\/index.php\/cookies\/","title":{"rendered":"Cookies"},"content":{"rendered":"\n<h1 class=\"font-bold text-4xl\">Informativa sui Cookie<\/h1>\n\n    <h2 class=\"font-medium text-2xl\">Introduzione<\/h2>\n    <p>\n        La presente Informativa sui Cookie spiega come <b>\n        <script>\n            const hostname = window.location.hostname;\n            const name = hostname[0].toUpperCase() + hostname.slice(1, hostname.length);\n            document.write(name)\n        <\/script>\n        <\/b> (&#8220;noi&#8221;, &#8220;ci&#8221; e &#8220;nostro&#8221;) utilizza cookie e tecnologie simili\n        per riconoscerti quando visiti il nostro sito web all\u2019indirizzo\n        <script>document.write(window.location.origin)<\/script>.\n        Spiega cosa sono queste tecnologie, perch\u00e9 le utilizziamo e quali sono\n        i tuoi diritti per controllarne l\u2019uso.\n    <\/p>\n\n    <h2 class=\"font-medium text-2xl\">Cosa sono i cookie?<\/h2>\n    <p>\n        I cookie sono piccoli file di dati che vengono salvati sul tuo computer\n        o dispositivo mobile quando visiti un sito web. I cookie sono ampiamente\n        utilizzati dai proprietari dei siti web per far funzionare i loro siti,\n        o per renderli pi\u00f9 efficienti, nonch\u00e9 per fornire informazioni di reportistica.\n    <\/p>\n\n    <p>\n        I cookie impostati dal proprietario del sito web (in questo caso, <b>\n        <script>document.write(name)<\/script>\n        <\/b>) sono chiamati &#8220;cookie di prima parte&#8221;.\n        I cookie impostati da soggetti diversi dal proprietario del sito sono chiamati\n        &#8220;cookie di terze parti&#8221;. I cookie di terze parti consentono di fornire\n        funzionalit\u00e0 o caratteristiche di terzi sul o tramite il sito web\n        (ad esempio pubblicit\u00e0, contenuti interattivi e analisi).\n        I soggetti che impostano questi cookie di terze parti possono riconoscere\n        il tuo computer sia quando visita il sito in questione sia quando visita\n        determinati altri siti web.\n    <\/p>\n\n    <h2 class=\"font-medium text-2xl\">Perch\u00e9 utilizziamo i cookie?<\/h2>\n    <p>\n        Utilizziamo cookie di prima e di terze parti per diversi motivi.\n        Alcuni cookie sono necessari per motivi tecnici affinch\u00e9 i nostri siti\n        web funzionino correttamente e li definiamo &#8220;essenziali&#8221; o\n        &#8220;strettamente necessari&#8221;. Altri cookie ci consentono di tracciare e\n        indirizzare gli interessi dei nostri utenti per migliorare l\u2019esperienza\n        sulle nostre propriet\u00e0 online. Le terze parti utilizzano cookie tramite\n        i nostri siti web per finalit\u00e0 pubblicitarie, di analisi e per altri scopi,\n        come descritto pi\u00f9 dettagliatamente di seguito.\n    <\/p>\n\n    <p>Le tipologie di cookie utilizzate sul nostro sito web:<\/p>\n    <ul class=\"list-disc list-inside\">\n        <li>\n            Cookie essenziali: questi cookie sono strettamente necessari per\n            fornirti i servizi disponibili tramite i nostri siti web e per\n            utilizzare alcune funzionalit\u00e0, come l\u2019accesso ad aree protette.\n        <\/li>\n        <li>\n            Cookie di prestazione e funzionalit\u00e0: questi cookie vengono utilizzati\n            per migliorare le prestazioni e la funzionalit\u00e0 dei nostri siti web,\n            ma non sono essenziali per il loro utilizzo. Tuttavia, senza questi\n            cookie alcune funzionalit\u00e0 potrebbero non essere disponibili.\n        <\/li>\n        <li>\n            Cookie di analisi e personalizzazione: questi cookie raccolgono\n            informazioni che vengono utilizzate in forma aggregata per aiutarci\n            a capire come vengono utilizzati i nostri siti web o quanto siano\n            efficaci le nostre campagne di marketing, oppure per personalizzare\n            i nostri siti web per te.\n        <\/li>\n        <li>\n            Cookie pubblicitari: questi cookie vengono utilizzati per rendere\n            i messaggi pubblicitari pi\u00f9 pertinenti per te. Svolgono funzioni come\n            evitare che lo stesso annuncio venga mostrato ripetutamente, garantire\n            che gli annunci vengano visualizzati correttamente per gli inserzionisti\n            e, in alcuni casi, selezionare annunci basati sui tuoi interessi.\n        <\/li>\n    <\/ul>\n\n    <h2 class=\"font-medium text-2xl\">Come posso controllare i cookie?<\/h2>\n    <p>\n        Hai il diritto di decidere se accettare o rifiutare i cookie.\n        Puoi esercitare i tuoi diritti sui cookie impostando le tue preferenze\n        nel Gestore del Consenso dei Cookie. Il Gestore del Consenso dei Cookie\n        ti consente di selezionare quali categorie di cookie accettare o rifiutare.\n        I cookie essenziali non possono essere rifiutati in quanto sono\n        strettamente necessari per fornirti i servizi.\n    <\/p>\n    <p>\n        Le modalit\u00e0 specifiche variano da browser a browser, pertanto ti invitiamo\n        a consultare il menu di aiuto del tuo browser per maggiori informazioni.\n    <\/p>\n\n    <h2 class=\"font-medium text-2xl\">Modifiche all\u2019Informativa sui Cookie<\/h2>\n    <p>\n        Potremmo aggiornare periodicamente la presente Informativa sui Cookie\n        per riflettere, ad esempio, modifiche ai cookie che utilizziamo o per\n        altri motivi operativi, legali o normativi. Ti invitiamo pertanto a\n        consultare regolarmente questa Informativa sui Cookie per rimanere\n        informato sul nostro utilizzo dei cookie e delle tecnologie correlate.\n    <\/p>\n\n    <h2 class=\"font-medium text-2xl\">Contattaci<\/h2>\n    <p>\n        Se hai domande sull\u2019utilizzo dei cookie o di altre tecnologie,\n        ti invitiamo a contattarci via email.\n    <\/p>\n","protected":false},"excerpt":{"rendered":"<p>Informativa sui Cookie Introduzione La presente Informativa sui Cookie spiega come (&#8220;noi&#8221;, &#8220;ci&#8221; e &#8220;nostro&#8221;) utilizza cookie e tecnologie simili per riconoscerti quando visiti il nostro sito web all\u2019indirizzo . Spiega cosa sono queste tecnologie, perch\u00e9 le utilizziamo e quali sono i tuoi diritti per controllarne l\u2019uso. Cosa sono i cookie? I cookie sono piccoli file di dati che vengono salvati sul tuo computer o dispositivo mobile quando visiti un sito web. I cookie sono ampiamente utilizzati dai proprietari dei siti web per far funzionare i loro siti, o per renderli pi\u00f9 efficienti, nonch\u00e9 per fornire informazioni di reportistica. I cookie impostati dal proprietario del sito web (in questo caso, ) sono chiamati &#8220;cookie di prima parte&#8221;. I cookie impostati da soggetti diversi dal proprietario del sito sono chiamati &#8220;cookie di terze parti&#8221;. I cookie di terze parti consentono di fornire funzionalit\u00e0 o caratteristiche di terzi sul o tramite il sito web (ad esempio pubblicit\u00e0, contenuti interattivi e analisi). I soggetti che impostano questi cookie di terze parti possono riconoscere il tuo computer sia quando visita il sito in questione sia quando visita determinati altri siti web. Perch\u00e9 utilizziamo i cookie? Utilizziamo cookie di prima e di terze parti per diversi motivi. Alcuni cookie sono necessari per motivi tecnici affinch\u00e9 i nostri siti web funzionino correttamente e li definiamo &#8220;essenziali&#8221; o &#8220;strettamente necessari&#8221;. Altri cookie ci consentono di tracciare e indirizzare gli interessi dei nostri utenti per migliorare l\u2019esperienza sulle nostre propriet\u00e0 online. Le terze parti utilizzano cookie tramite i nostri siti web per finalit\u00e0 pubblicitarie, di analisi e per altri scopi, come descritto pi\u00f9 dettagliatamente di seguito. Le tipologie di cookie utilizzate sul nostro sito web: Cookie essenziali: questi cookie sono strettamente necessari per fornirti i servizi disponibili tramite i nostri siti web e per utilizzare alcune funzionalit\u00e0, come l\u2019accesso ad aree protette. Cookie di prestazione e funzionalit\u00e0: questi cookie vengono utilizzati per migliorare le prestazioni e la funzionalit\u00e0 dei nostri siti web, ma non sono essenziali per il loro utilizzo. Tuttavia, senza questi cookie alcune funzionalit\u00e0 potrebbero non essere disponibili. Cookie di analisi e personalizzazione: questi cookie raccolgono informazioni che vengono utilizzate in forma aggregata per aiutarci a capire come vengono utilizzati i nostri siti web o quanto siano efficaci le nostre campagne di marketing, oppure per personalizzare i nostri siti web per te. Cookie pubblicitari: questi cookie vengono utilizzati per rendere i messaggi pubblicitari pi\u00f9 pertinenti per te. Svolgono funzioni come evitare che lo stesso annuncio venga mostrato ripetutamente, garantire che gli annunci vengano visualizzati correttamente per gli inserzionisti e, in alcuni casi, selezionare annunci basati sui tuoi interessi. Come posso controllare i cookie? Hai il diritto di decidere se accettare o rifiutare i cookie. Puoi esercitare i tuoi diritti sui cookie impostando le tue preferenze nel Gestore del Consenso dei Cookie. Il Gestore del Consenso dei Cookie ti consente di selezionare quali categorie di cookie accettare o rifiutare. I cookie essenziali non possono essere rifiutati in quanto sono strettamente necessari per fornirti i servizi. Le modalit\u00e0 specifiche variano da browser a browser, pertanto ti invitiamo a consultare il menu di aiuto del tuo browser per maggiori informazioni. Modifiche all\u2019Informativa sui Cookie Potremmo aggiornare periodicamente la presente Informativa sui Cookie per riflettere, ad esempio, modifiche ai cookie che utilizziamo o per altri motivi operativi, legali o normativi. Ti invitiamo pertanto a consultare regolarmente questa Informativa sui Cookie per rimanere informato sul nostro utilizzo dei cookie e delle tecnologie correlate. Contattaci Se hai domande sull\u2019utilizzo dei cookie o di altre tecnologie, ti invitiamo a contattarci via email.<\/p>\n","protected":false},"author":1,"featured_media":0,"parent":0,"menu_order":0,"comment_status":"closed","ping_status":"closed","template":"","meta":{"_eb_attr":"","ocean_post_layout":"full-width","ocean_both_sidebars_style":"","ocean_both_sidebars_content_width":0,"ocean_both_sidebars_sidebars_width":0,"ocean_sidebar":"","ocean_second_sidebar":"","ocean_disable_margins":"enable","ocean_add_body_class":"","ocean_shortcode_before_top_bar":"","ocean_shortcode_after_top_bar":"","ocean_shortcode_before_header":"","ocean_shortcode_after_header":"","ocean_has_shortcode":"","ocean_shortcode_after_title":"","ocean_shortcode_before_footer_widgets":"","ocean_shortcode_after_footer_widgets":"","ocean_shortcode_before_footer_bottom":"","ocean_shortcode_after_footer_bottom":"","ocean_display_top_bar":"default","ocean_display_header":"default","ocean_header_style":"","ocean_center_header_left_menu":"","ocean_custom_header_template":"","ocean_custom_logo":0,"ocean_custom_retina_logo":0,"ocean_custom_logo_max_width":0,"ocean_custom_logo_tablet_max_width":0,"ocean_custom_logo_mobile_max_width":0,"ocean_custom_logo_max_height":0,"ocean_custom_logo_tablet_max_height":0,"ocean_custom_logo_mobile_max_height":0,"ocean_header_custom_menu":"","ocean_menu_typo_font_family":"","ocean_menu_typo_font_subset":"","ocean_menu_typo_font_size":0,"ocean_menu_typo_font_size_tablet":0,"ocean_menu_typo_font_size_mobile":0,"ocean_menu_typo_font_size_unit":"px","ocean_menu_typo_font_weight":"","ocean_menu_typo_font_weight_tablet":"","ocean_menu_typo_font_weight_mobile":"","ocean_menu_typo_transform":"","ocean_menu_typo_transform_tablet":"","ocean_menu_typo_transform_mobile":"","ocean_menu_typo_line_height":0,"ocean_menu_typo_line_height_tablet":0,"ocean_menu_typo_line_height_mobile":0,"ocean_menu_typo_line_height_unit":"","ocean_menu_typo_spacing":0,"ocean_menu_typo_spacing_tablet":0,"ocean_menu_typo_spacing_mobile":0,"ocean_menu_typo_spacing_unit":"","ocean_menu_link_color":"","ocean_menu_link_color_hover":"","ocean_menu_link_color_active":"","ocean_menu_link_background":"","ocean_menu_link_hover_background":"","ocean_menu_link_active_background":"","ocean_menu_social_links_bg":"","ocean_menu_social_hover_links_bg":"","ocean_menu_social_links_color":"","ocean_menu_social_hover_links_color":"","ocean_disable_title":"default","ocean_disable_heading":"default","ocean_post_title":"","ocean_post_subheading":"","ocean_post_title_style":"","ocean_post_title_background_color":"","ocean_post_title_background":0,"ocean_post_title_bg_image_position":"","ocean_post_title_bg_image_attachment":"","ocean_post_title_bg_image_repeat":"","ocean_post_title_bg_image_size":"","ocean_post_title_height":0,"ocean_post_title_bg_overlay":0.5,"ocean_post_title_bg_overlay_color":"","ocean_disable_breadcrumbs":"default","ocean_breadcrumbs_color":"","ocean_breadcrumbs_separator_color":"","ocean_breadcrumbs_links_color":"","ocean_breadcrumbs_links_hover_color":"","ocean_display_footer_widgets":"default","ocean_display_footer_bottom":"default","ocean_custom_footer_template":"","footnotes":""},"class_list":["post-158","page","type-page","status-publish","hentry","entry"],"_links":{"self":[{"href":"https:\/\/dremivanta.com\/index.php\/wp-json\/wp\/v2\/pages\/158","targetHints":{"allow":["GET"]}}],"collection":[{"href":"https:\/\/dremivanta.com\/index.php\/wp-json\/wp\/v2\/pages"}],"about":[{"href":"https:\/\/dremivanta.com\/index.php\/wp-json\/wp\/v2\/types\/page"}],"author":[{"embeddable":true,"href":"https:\/\/dremivanta.com\/index.php\/wp-json\/wp\/v2\/users\/1"}],"replies":[{"embeddable":true,"href":"https:\/\/dremivanta.com\/index.php\/wp-json\/wp\/v2\/comments?post=158"}],"version-history":[{"count":2,"href":"https:\/\/dremivanta.com\/index.php\/wp-json\/wp\/v2\/pages\/158\/revisions"}],"predecessor-version":[{"id":329,"href":"https:\/\/dremivanta.com\/index.php\/wp-json\/wp\/v2\/pages\/158\/revisions\/329"}],"wp:attachment":[{"href":"https:\/\/dremivanta.com\/index.php\/wp-json\/wp\/v2\/media?parent=158"}],"curies":[{"name":"wp","href":"https:\/\/api.w.org\/{rel}","templated":true}]}}